[INFO] cloning repository https://github.com/LiteUnder/amethyst_rogue_test
[INFO] running `Command { std: "git" "-c" "credential.helper=" "-c" "credential.helper=/workspace/cargo-home/bin/git-credential-null" "clone" "--bare" "https://github.com/LiteUnder/amethyst_rogue_test" "/workspace/cache/git-repos/https%3A%2F%2Fgithub.com%2FLiteUnder%2Famethyst_rogue_test", kill_on_drop: false }`
[INFO] [stderr] Cloning into bare repository '/workspace/cache/git-repos/https%3A%2F%2Fgithub.com%2FLiteUnder%2Famethyst_rogue_test'...
[INFO] running `Command { std: "git" "rev-parse" "HEAD", kill_on_drop: false }`
[INFO] [stdout] cdbabc518c011c73b5293b43b74877f05d86d8aa
[INFO] checking LiteUnder/amethyst_rogue_test against try#72f88fc4e9458f89516a0b8b0868f3718aec5b47 for pr-74989
[INFO] running `Command { std: "git" "clone" "/workspace/cache/git-repos/https%3A%2F%2Fgithub.com%2FLiteUnder%2Famethyst_rogue_test" "/workspace/builds/worker-10/source", kill_on_drop: false }`
[INFO] [stderr] Cloning into '/workspace/builds/worker-10/source'...
[INFO] [stderr] done.
[INFO] validating manifest of git repo https://github.com/LiteUnder/amethyst_rogue_test on toolchain 72f88fc4e9458f89516a0b8b0868f3718aec5b47
[INFO] running `Command { std: "/workspace/cargo-home/bin/cargo" "+72f88fc4e9458f89516a0b8b0868f3718aec5b47" "read-manifest" "--manifest-path" "Cargo.toml", kill_on_drop: false }`
[INFO] started tweaking git repo https://github.com/LiteUnder/amethyst_rogue_test
[INFO] finished tweaking git repo https://github.com/LiteUnder/amethyst_rogue_test
[INFO] tweaked toml for git repo https://github.com/LiteUnder/amethyst_rogue_test written to /workspace/builds/worker-10/source/Cargo.toml
[INFO] crate git repo https://github.com/LiteUnder/amethyst_rogue_test already has a lockfile, it will not be regenerated
[INFO] running `Command { std: "/workspace/cargo-home/bin/cargo" "+72f88fc4e9458f89516a0b8b0868f3718aec5b47" "fetch" "--locked" "--manifest-path" "Cargo.toml", kill_on_drop: false }`
[INFO] [stderr]  Downloading crates ...
[INFO] [stderr]   Downloaded x11-clipboard v0.3.2
[INFO] [stderr]   Downloaded rand_xorshift v0.1.2
[INFO] [stderr]   Downloaded twox-hash v1.3.0
[INFO] [stderr]   Downloaded rand_hc v0.1.1
[INFO] [stderr]   Downloaded rand_isaac v0.1.2
[INFO] [stderr]   Downloaded lyon_geom v0.12.6
[INFO] running `Command { std: "docker" "create" "-v" "/var/lib/crater-agent-workspace/builds/worker-10/target:/opt/rustwide/target:rw,Z" "-v" "/var/lib/crater-agent-workspace/builds/worker-10/source:/opt/rustwide/workdir:ro,Z" "-v" "/var/lib/crater-agent-workspace/cargo-home:/opt/rustwide/cargo-home:ro,Z" "-v" "/var/lib/crater-agent-workspace/rustup-home:/opt/rustwide/rustup-home:ro,Z" "-e" "SOURCE_DIR=/opt/rustwide/workdir" "-e" "CARGO_TARGET_DIR=/opt/rustwide/target" "-e" "CARGO_HOME=/opt/rustwide/cargo-home" "-e" "RUSTUP_HOME=/opt/rustwide/rustup-home" "-w" "/opt/rustwide/workdir" "-m" "1610612736" "--user" "0:0" "--network" "none" "rustops/crates-build-env@sha256:d92eaeed33fa75130ca1ee6c8a01d1ffb62bac859dfdfb3450e3e5d1c0146529" "/opt/rustwide/cargo-home/bin/cargo" "+72f88fc4e9458f89516a0b8b0868f3718aec5b47" "metadata" "--no-deps" "--format-version=1", kill_on_drop: false }`
[INFO] [stdout] 612b9563a02c72fff3ddb041ad5b6036104fcd0a53111c6ded3d1034031dd621
[INFO] [stderr] WARNING: Your kernel does not support swap limit capabilities or the cgroup is not mounted. Memory limited without swap.
[INFO] running `Command { std: "docker" "start" "-a" "612b9563a02c72fff3ddb041ad5b6036104fcd0a53111c6ded3d1034031dd621", kill_on_drop: false }`
[INFO] running `Command { std: "docker" "inspect" "612b9563a02c72fff3ddb041ad5b6036104fcd0a53111c6ded3d1034031dd621", kill_on_drop: false }`
[INFO] running `Command { std: "docker" "rm" "-f" "612b9563a02c72fff3ddb041ad5b6036104fcd0a53111c6ded3d1034031dd621", kill_on_drop: false }`
[INFO] [stdout] 612b9563a02c72fff3ddb041ad5b6036104fcd0a53111c6ded3d1034031dd621
[INFO] running `Command { std: "docker" "create" "-v" "/var/lib/crater-agent-workspace/builds/worker-10/target:/opt/rustwide/target:rw,Z" "-v" "/var/lib/crater-agent-workspace/builds/worker-10/source:/opt/rustwide/workdir:ro,Z" "-v" "/var/lib/crater-agent-workspace/cargo-home:/opt/rustwide/cargo-home:ro,Z" "-v" "/var/lib/crater-agent-workspace/rustup-home:/opt/rustwide/rustup-home:ro,Z" "-e" "SOURCE_DIR=/opt/rustwide/workdir" "-e" "CARGO_TARGET_DIR=/opt/rustwide/target" "-e" "CARGO_INCREMENTAL=0" "-e" "RUST_BACKTRACE=full" "-e" "RUSTFLAGS=--cap-lints=forbid" "-e" "CARGO_HOME=/opt/rustwide/cargo-home" "-e" "RUSTUP_HOME=/opt/rustwide/rustup-home" "-w" "/opt/rustwide/workdir" "-m" "1610612736" "--user" "0:0" "--network" "none" "rustops/crates-build-env@sha256:d92eaeed33fa75130ca1ee6c8a01d1ffb62bac859dfdfb3450e3e5d1c0146529" "/opt/rustwide/cargo-home/bin/cargo" "+72f88fc4e9458f89516a0b8b0868f3718aec5b47" "check" "--frozen" "--all" "--all-targets" "--message-format=json", kill_on_drop: false }`
[INFO] [stderr] WARNING: Your kernel does not support swap limit capabilities or the cgroup is not mounted. Memory limited without swap.
[INFO] [stdout] 07b9f69d3494d55b83e8263fa734d85e5583c4d65bf8d1a430cc2a1364146e5f
[INFO] running `Command { std: "docker" "start" "-a" "07b9f69d3494d55b83e8263fa734d85e5583c4d65bf8d1a430cc2a1364146e5f", kill_on_drop: false }`
[INFO] [stderr]    Compiling unicode-xid v0.1.0
[INFO] [stderr]    Compiling proc-macro2 v0.4.30
[INFO] [stderr]    Compiling libc v0.2.58
[INFO] [stderr]     Checking cfg-if v0.1.9
[INFO] [stderr]     Checking lazy_static v1.3.0
[INFO] [stderr]    Compiling arrayvec v0.4.10
[INFO] [stderr]     Checking nodrop v0.1.13
[INFO] [stderr]     Checking scopeguard v0.3.3
[INFO] [stderr]     Checking memoffset v0.2.1
[INFO] [stderr]    Compiling semver-parser v0.7.0
[INFO] [stderr]     Checking stable_deref_trait v1.1.1
[INFO] [stderr]    Compiling rayon-core v1.4.1
[INFO] [stderr]    Compiling xml-rs v0.8.0
[INFO] [stderr]     Checking rand_core v0.5.0
[INFO] [stderr]     Checking either v1.5.2
[INFO] [stderr]    Compiling rayon v1.0.3
[INFO] [stderr]     Checking mint v0.5.1
[INFO] [stderr]     Checking rustc-demangle v0.1.15
[INFO] [stderr]    Compiling num-complex v0.2.1
[INFO] [stderr]     Checking crossbeam-utils v0.5.0
[INFO] [stderr]     Checking linked-hash-map v0.5.2
[INFO] [stderr]    Compiling typenum v1.10.0
[INFO] [stderr]    Compiling libm v0.1.3
[INFO] [stderr]    Compiling nonzero_signed v1.0.3
[INFO] [stderr]     Checking approx v0.1.1
[INFO] [stderr]     Checking mopa v0.2.2
[INFO] [stderr]     Checking atom v0.3.5
[INFO] [stderr]     Checking void v1.0.2
[INFO] [stderr]    Compiling khronos_api v2.2.0
[INFO] [stderr]     Checking same-file v1.0.4
[INFO] [stderr]     Checking fnv v1.0.6
[INFO] [stderr]    Compiling khronos_api v3.1.0
[INFO] [stderr]     Checking tuple_utils v0.2.0
[INFO] [stderr]     Checking shrev v1.1.1
[INFO] [stderr]    Compiling num-bigint v0.2.2
[INFO] [stderr]     Checking downcast-rs v1.0.4
[INFO] [stderr]    Compiling cgmath v0.16.1
[INFO] [stderr]     Checking xdg v2.2.0
[INFO] [stderr]    Compiling num-rational v0.2.1
[INFO] [stderr]    Compiling num-derive v0.2.5
[INFO] [stderr]     Checking adler32 v1.0.3
[INFO] [stderr]    Compiling unicode-xid v0.0.4
[INFO] [stderr]    Compiling failure_derive v0.1.5
[INFO] [stderr]    Compiling quote v0.3.15
[INFO] [stderr]     Checking color_quant v1.0.1
[INFO] [stderr]     Checking scoped_threadpool v0.1.9
[INFO] [stderr]     Checking wavefront_obj v5.1.0
[INFO] [stderr]     Checking hetseq v0.2.0
[INFO] [stderr]     Checking siphasher v0.2.3
[INFO] [stderr]     Checking ansi_term v0.11.0
[INFO] [stderr]    Compiling build_const v0.2.1
[INFO] [stderr]    Compiling winapi v0.3.7
[INFO] [stderr]     Checking xi-unicode v0.1.0
[INFO] [stderr]     Checking strsim v0.8.0
[INFO] [stderr]     Checking hound v3.4.0
[INFO] [stderr]     Checking claxon v0.3.3
[INFO] [stderr]     Checking vec_map v0.8.1
[INFO] [stderr]     Checking matches v0.1.8
[INFO] [stderr]     Checking float-ord v0.2.0
[INFO] [stderr]     Checking fluent-locale v0.4.1
[INFO] [stderr]     Checking unicode-segmentation v1.3.0
[INFO] [stderr]    Compiling backtrace-sys v0.1.28
[INFO] [stderr]    Compiling backtrace v0.3.30
[INFO] [stderr]    Compiling libloading v0.5.1
[INFO] [stderr]    Compiling cmake v0.1.40
[INFO] [stderr]    Compiling minimp3-sys v0.3.1
[INFO] [stderr]    Compiling bincode v1.1.4
[INFO] [stderr]    Compiling x11-dl v2.18.3
[INFO] [stderr]    Compiling alsa-sys v0.1.2
[INFO] [stderr]    Compiling servo-fontconfig-sys v4.0.7
[INFO] [stderr]     Checking rand_core v0.3.1
[INFO] [stderr]     Checking rand_jitter v0.1.4
[INFO] [stderr]     Checking owning_ref v0.4.0
[INFO] [stderr]    Compiling proc-macro2 v0.3.8
[INFO] [stderr]     Checking crossbeam-utils v0.2.2
[INFO] [stderr]     Checking crossbeam-utils v0.6.5
[INFO] [stderr]     Checking rand_isaac v0.1.2
[INFO] [stderr]     Checking rand_hc v0.1.1
[INFO] [stderr]     Checking rand_xorshift v0.1.2
[INFO] [stderr]     Checking itertools v0.7.11
[INFO] [stderr]    Compiling semver v0.9.0
[INFO] [stderr]     Checking walkdir v2.2.7
[INFO] [stderr]    Compiling synom v0.11.3
[INFO] [stderr]     Checking inflate v0.4.5
[INFO] [stderr]     Checking gif v0.10.2
[INFO] [stderr]     Checking phf_shared v0.7.24
[INFO] [stderr]     Checking annotate-snippets v0.1.0
[INFO] [stderr]    Compiling crc v1.8.1
[INFO] [stderr]    Compiling bitflags v1.1.0
[INFO] [stderr]     Checking lock_api v0.1.5
[INFO] [stderr]    Compiling num-traits v0.2.8
[INFO] [stderr]     Checking stb_truetype v0.2.6
[INFO] [stderr]     Checking rustc-hash v1.0.1
[INFO] [stderr]     Checking base64 v0.10.1
[INFO] [stderr]     Checking deflate v0.7.19
[INFO] [stderr]     Checking ogg v0.7.0
[INFO] [stderr]     Checking rand_chacha v0.1.1
[INFO] [stderr]     Checking rand_pcg v0.1.2
[INFO] [stderr]    Compiling syn v0.11.11
[INFO] [stderr]     Checking phf v0.7.24
[INFO] [stderr]    Compiling xml-rs v0.7.0
[INFO] [stderr]    Compiling rustc_version v0.2.3
[INFO] [stderr]    Compiling servo-freetype-sys v4.0.5
[INFO] [stderr]    Compiling expat-sys v2.1.6
[INFO] [stderr]    Compiling quote v0.5.2
[INFO] [stderr]     Checking fluent-syntax v0.1.1
[INFO] [stderr]     Checking approx v0.3.2
[INFO] [stderr]     Checking ordered-float v1.0.2
[INFO] [stderr]     Checking num-traits v0.1.43
[INFO] [stderr]     Checking line_drawing v0.7.0
[INFO] [stderr]     Checking crossbeam-epoch v0.3.1
[INFO] [stderr]     Checking crossbeam-epoch v0.7.1
[INFO] [stderr]     Checking crossbeam-epoch v0.6.1
[INFO] [stderr]     Checking crossbeam-epoch v0.5.2
[INFO] [stderr]    Compiling quote v0.6.12
[INFO] [stderr]    Compiling time v0.1.42
[INFO] [stderr]     Checking intl_pluralrules v1.0.3
[INFO] [stderr]     Checking num_cpus v1.10.0
[INFO] [stderr]     Checking rand v0.5.6
[INFO] [stderr]     Checking rand_os v0.1.3
[INFO] [stderr]     Checking rand v0.4.6
[INFO] [stderr]     Checking nix v0.13.0
[INFO] [stderr]     Checking memmap v0.7.0
[INFO] [stderr]     Checking shared_library v0.1.9
[INFO] [stderr]     Checking slice-deque v0.2.4
[INFO] [stderr]     Checking atty v0.2.11
[INFO] [stderr]     Checking memmap v0.6.2
[INFO] [stderr]     Checking dirs v1.0.5
[INFO] [stderr]    Compiling xcb v0.8.2
[INFO] [stderr]    Compiling syn v0.13.11
[INFO] [stderr]     Checking dlib v0.4.1
[INFO] [stderr]     Checking generic-array v0.11.1
[INFO] [stderr]    Compiling parking_lot_core v0.3.1
[INFO] [stderr]    Compiling parking_lot_core v0.4.0
[INFO] [stderr]    Compiling rustc_version_runtime v0.1.5
[INFO] [stderr]    Compiling syn v0.15.34
[INFO] [stderr]    Compiling wayland-scanner v0.21.12
[INFO] [stderr]     Checking crossbeam-deque v0.2.0
[INFO] [stderr]     Checking rand v0.6.5
[INFO] [stderr]     Checking crossbeam-deque v0.7.1
[INFO] [stderr]     Checking crossbeam-deque v0.5.2
[INFO] [stderr]     Checking osmesa-sys v0.1.2
[INFO] [stderr]     Checking clap v2.33.0
[INFO] [stderr]    Compiling num-integer v0.1.41
[INFO] [stderr]     Checking png v0.12.0
[INFO] [stderr]     Checking wayland-sys v0.21.12
[INFO] [stderr]     Checking cpal v0.8.2
[INFO] [stderr]    Compiling error-chain v0.12.1
[INFO] [stdout] error[E0277]: the trait bound `rand_hc::Hc128Rng: rand_core::SeedableRng` is not satisfied
[INFO] [stdout]   --> /opt/rustwide/cargo-home/registry/src/github.com-1ecc6299db9ec823/rand-0.6.5/src/rngs/std.rs:55:6
[INFO] [stdout]    |
[INFO] [stdout] 55 | impl SeedableRng for StdRng {
[INFO] [stdout]    |      ^^^^^^^^^^^ the trait `rand_core::SeedableRng` is not implemented for `rand_hc::Hc128Rng`
[INFO] [stdout] 
[INFO] [stdout] 
[INFO] [stdout] error[E0277]: the trait bound `rand_isaac::IsaacRng: rand_core::SeedableRng` is not satisfied
[INFO] [stdout]   --> /opt/rustwide/cargo-home/registry/src/github.com-1ecc6299db9ec823/rand-0.6.5/src/deprecated.rs:50:6
[INFO] [stdout]    |
[INFO] [stdout] 50 | impl SeedableRng for IsaacRng {
[INFO] [stdout]    |      ^^^^^^^^^^^ the trait `rand_core::SeedableRng` is not implemented for `rand_isaac::IsaacRng`
[INFO] [stdout] 
[INFO] [stdout] 
[INFO] [stdout] error[E0277]: the trait bound `rand_isaac::Isaac64Rng: rand_core::SeedableRng` is not satisfied
[INFO] [stdout]   --> /opt/rustwide/cargo-home/registry/src/github.com-1ecc6299db9ec823/rand-0.6.5/src/deprecated.rs:96:6
[INFO] [stdout]    |
[INFO] [stdout] 96 | impl SeedableRng for Isaac64Rng {
[INFO] [stdout]    |      ^^^^^^^^^^^ the trait `rand_core::SeedableRng` is not implemented for `rand_isaac::Isaac64Rng`
[INFO] [stdout] 
[INFO] [stdout] 
[INFO] [stdout] error[E0277]: the trait bound `rand_hc::Hc128Rng: rand_core::SeedableRng` is not satisfied
[INFO] [stdout]    --> /opt/rustwide/cargo-home/registry/src/github.com-1ecc6299db9ec823/rand-0.6.5/src/deprecated.rs:198:6
[INFO] [stdout]     |
[INFO] [stdout] 198 | impl SeedableRng for Hc128Rng {
[INFO] [stdout]     |      ^^^^^^^^^^^ the trait `rand_core::SeedableRng` is not implemented for `rand_hc::Hc128Rng`
[INFO] [stdout] 
[INFO] [stdout] 
[INFO] [stdout] error[E0277]: the trait bound `rand_xorshift::XorShiftRng: rand_core::SeedableRng` is not satisfied
[INFO] [stdout]    --> /opt/rustwide/cargo-home/registry/src/github.com-1ecc6299db9ec823/rand-0.6.5/src/deprecated.rs:239:6
[INFO] [stdout]     |
[INFO] [stdout] 239 | impl SeedableRng for XorShiftRng {
[INFO] [stdout]     |      ^^^^^^^^^^^ the trait `rand_core::SeedableRng` is not implemented for `rand_xorshift::XorShiftRng`
[INFO] [stdout] 
[INFO] [stdout] 
[INFO] [stdout] error[E0277]: the trait bound `rand_hc::Hc128Rng: rand_core::SeedableRng` is not satisfied
[INFO] [stdout]    --> /opt/rustwide/cargo-home/registry/src/github.com-1ecc6299db9ec823/rand-0.6.5/src/deprecated.rs:279:6
[INFO] [stdout]     |
[INFO] [stdout] 279 | impl SeedableRng for StdRng {
[INFO] [stdout]     |      ^^^^^^^^^^^ the trait `rand_core::SeedableRng` is not implemented for `rand_hc::Hc128Rng`
[INFO] [stdout] 
[INFO] [stdout] 
[INFO] [stdout] error[E0277]: the trait bound `Hc128Core: rand_core::block::BlockRngCore` is not satisfied
[INFO] [stdout]   --> /opt/rustwide/cargo-home/registry/src/github.com-1ecc6299db9ec823/rand-0.6.5/src/rngs/thread.rs:73:10
[INFO] [stdout]    |
[INFO] [stdout] 73 |     rng: *mut ReseedingRng<Hc128Core, EntropyRng>,
[INFO] [stdout]    |          ^^^^^^^^^^^^^^^^^^^^^^^^^^^^^^^^^^^^^^^^ the trait `rand_core::block::BlockRngCore` is not implemented for `Hc128Core`
[INFO] [stdout]    | 
[INFO] [stdout]   ::: /opt/rustwide/cargo-home/registry/src/github.com-1ecc6299db9ec823/rand-0.6.5/src/rngs/adapter/reseeding.rs:88:12
[INFO] [stdout]    |
[INFO] [stdout] 88 | pub struct ReseedingRng<R, Rsdr>(BlockRng<ReseedingCore<R, Rsdr>>)
[INFO] [stdout]    |            ------------ required by a bound in this
[INFO] [stdout] 89 | where R: BlockRngCore + SeedableRng,
[INFO] [stdout]    |          ------------ required by this bound in `reseeding::ReseedingRng`
[INFO] [stdout] 
[INFO] [stdout] 
[INFO] [stdout] error[E0277]: the trait bound `Hc128Core: rand_core::SeedableRng` is not satisfied
[INFO] [stdout]   --> /opt/rustwide/cargo-home/registry/src/github.com-1ecc6299db9ec823/rand-0.6.5/src/rngs/thread.rs:73:10
[INFO] [stdout]    |
[INFO] [stdout] 73 |     rng: *mut ReseedingRng<Hc128Core, EntropyRng>,
[INFO] [stdout]    |          ^^^^^^^^^^^^^^^^^^^^^^^^^^^^^^^^^^^^^^^^ the trait `rand_core::SeedableRng` is not implemented for `Hc128Core`
[INFO] [stdout]    | 
[INFO] [stdout]   ::: /opt/rustwide/cargo-home/registry/src/github.com-1ecc6299db9ec823/rand-0.6.5/src/rngs/adapter/reseeding.rs:88:12
[INFO] [stdout]    |
[INFO] [stdout] 88 | pub struct ReseedingRng<R, Rsdr>(BlockRng<ReseedingCore<R, Rsdr>>)
[INFO] [stdout]    |            ------------ required by a bound in this
[INFO] [stdout] 89 | where R: BlockRngCore + SeedableRng,
[INFO] [stdout]    |                         ----------- required by this bound in `reseeding::ReseedingRng`
[INFO] [stdout] 
[INFO] [stdout] 
[INFO] [stdout] error[E0277]: the trait bound `Hc128Core: rand_core::block::BlockRngCore` is not satisfied
[INFO] [stdout]   --> /opt/rustwide/cargo-home/registry/src/github.com-1ecc6299db9ec823/rand-0.6.5/src/rngs/thread.rs:76:1
[INFO] [stdout]    |
[INFO] [stdout] 76 | / thread_local!(
[INFO] [stdout] 77 | |     static THREAD_RNG_KEY: UnsafeCell<ReseedingRng<Hc128Core, EntropyRng>> = {
[INFO] [stdout] 78 | |         let mut entropy_source = EntropyRng::new();
[INFO] [stdout] 79 | |         let r = Hc128Core::from_rng(&mut entropy_source).unwrap_or_else(|err|
[INFO] [stdout] ...  |
[INFO] [stdout] 85 | |     }
[INFO] [stdout] 86 | | );
[INFO] [stdout]    | |__^ the trait `rand_core::block::BlockRngCore` is not implemented for `Hc128Core`
[INFO] [stdout]    | 
[INFO] [stdout]   ::: /opt/rustwide/cargo-home/registry/src/github.com-1ecc6299db9ec823/rand-0.6.5/src/rngs/adapter/reseeding.rs:88:12
[INFO] [stdout]    |
[INFO] [stdout] 88 |   pub struct ReseedingRng<R, Rsdr>(BlockRng<ReseedingCore<R, Rsdr>>)
[INFO] [stdout]    |              ------------ required by a bound in this
[INFO] [stdout] 89 |   where R: BlockRngCore + SeedableRng,
[INFO] [stdout]    |            ------------ required by this bound in `reseeding::ReseedingRng`
[INFO] [stdout]    |
[INFO] [stdout]    = note: this error originates in a macro (in Nightly builds, run with -Z macro-backtrace for more info)
[INFO] [stdout] 
[INFO] [stdout] 
[INFO] [stdout] error[E0277]: the trait bound `Hc128Core: rand_core::SeedableRng` is not satisfied
[INFO] [stdout]   --> /opt/rustwide/cargo-home/registry/src/github.com-1ecc6299db9ec823/rand-0.6.5/src/rngs/thread.rs:76:1
[INFO] [stdout]    |
[INFO] [stdout] 76 | / thread_local!(
[INFO] [stdout] 77 | |     static THREAD_RNG_KEY: UnsafeCell<ReseedingRng<Hc128Core, EntropyRng>> = {
[INFO] [stdout] 78 | |         let mut entropy_source = EntropyRng::new();
[INFO] [stdout] 79 | |         let r = Hc128Core::from_rng(&mut entropy_source).unwrap_or_else(|err|
[INFO] [stdout] ...  |
[INFO] [stdout] 85 | |     }
[INFO] [stdout] 86 | | );
[INFO] [stdout]    | |__^ the trait `rand_core::SeedableRng` is not implemented for `Hc128Core`
[INFO] [stdout]    | 
[INFO] [stdout]   ::: /opt/rustwide/cargo-home/registry/src/github.com-1ecc6299db9ec823/rand-0.6.5/src/rngs/adapter/reseeding.rs:88:12
[INFO] [stdout]    |
[INFO] [stdout] 88 |   pub struct ReseedingRng<R, Rsdr>(BlockRng<ReseedingCore<R, Rsdr>>)
[INFO] [stdout]    |              ------------ required by a bound in this
[INFO] [stdout] 89 |   where R: BlockRngCore + SeedableRng,
[INFO] [stdout]    |                           ----------- required by this bound in `reseeding::ReseedingRng`
[INFO] [stdout]    |
[INFO] [stdout]    = note: this error originates in a macro (in Nightly builds, run with -Z macro-backtrace for more info)
[INFO] [stdout] 
[INFO] [stdout] 
[INFO] [stdout] error[E0277]: the trait bound `Hc128Core: rand_core::block::BlockRngCore` is not satisfied
[INFO] [stdout]   --> /opt/rustwide/cargo-home/registry/src/github.com-1ecc6299db9ec823/rand-0.6.5/src/rngs/thread.rs:77:28
[INFO] [stdout]    |
[INFO] [stdout] 77 |     static THREAD_RNG_KEY: UnsafeCell<ReseedingRng<Hc128Core, EntropyRng>> = {
[INFO] [stdout]    |                            ^^^^^^^^^^^^^^^^^^^^^^^^^^^^^^^^^^^^^^^^^^^^^^^ the trait `rand_core::block::BlockRngCore` is not implemented for `Hc128Core`
[INFO] [stdout]    | 
[INFO] [stdout]   ::: /opt/rustwide/cargo-home/registry/src/github.com-1ecc6299db9ec823/rand-0.6.5/src/rngs/adapter/reseeding.rs:88:12
[INFO] [stdout]    |
[INFO] [stdout] 88 | pub struct ReseedingRng<R, Rsdr>(BlockRng<ReseedingCore<R, Rsdr>>)
[INFO] [stdout]    |            ------------ required by a bound in this
[INFO] [stdout] 89 | where R: BlockRngCore + SeedableRng,
[INFO] [stdout]    |          ------------ required by this bound in `reseeding::ReseedingRng`
[INFO] [stdout] 
[INFO] [stdout] 
[INFO] [stdout] error[E0277]: the trait bound `Hc128Core: rand_core::SeedableRng` is not satisfied
[INFO] [stdout]   --> /opt/rustwide/cargo-home/registry/src/github.com-1ecc6299db9ec823/rand-0.6.5/src/rngs/thread.rs:77:28
[INFO] [stdout]    |
[INFO] [stdout] 77 |     static THREAD_RNG_KEY: UnsafeCell<ReseedingRng<Hc128Core, EntropyRng>> = {
[INFO] [stdout]    |                            ^^^^^^^^^^^^^^^^^^^^^^^^^^^^^^^^^^^^^^^^^^^^^^^ the trait `rand_core::SeedableRng` is not implemented for `Hc128Core`
[INFO] [stdout]    | 
[INFO] [stdout]   ::: /opt/rustwide/cargo-home/registry/src/github.com-1ecc6299db9ec823/rand-0.6.5/src/rngs/adapter/reseeding.rs:88:12
[INFO] [stdout]    |
[INFO] [stdout] 88 | pub struct ReseedingRng<R, Rsdr>(BlockRng<ReseedingCore<R, Rsdr>>)
[INFO] [stdout]    |            ------------ required by a bound in this
[INFO] [stdout] 89 | where R: BlockRngCore + SeedableRng,
[INFO] [stdout]    |                         ----------- required by this bound in `reseeding::ReseedingRng`
[INFO] [stdout] 
[INFO] [stdout] 
[INFO] [stdout] error[E0277]: the trait bound `Hc128Core: rand_core::block::BlockRngCore` is not satisfied
[INFO] [stdout]   --> /opt/rustwide/cargo-home/registry/src/github.com-1ecc6299db9ec823/rand-0.6.5/src/rngs/thread.rs:76:1
[INFO] [stdout]    |
[INFO] [stdout] 76 | / thread_local!(
[INFO] [stdout] 77 | |     static THREAD_RNG_KEY: UnsafeCell<ReseedingRng<Hc128Core, EntropyRng>> = {
[INFO] [stdout] 78 | |         let mut entropy_source = EntropyRng::new();
[INFO] [stdout] 79 | |         let r = Hc128Core::from_rng(&mut entropy_source).unwrap_or_else(|err|
[INFO] [stdout] ...  |
[INFO] [stdout] 85 | |     }
[INFO] [stdout] 86 | | );
[INFO] [stdout]    | |__^ the trait `rand_core::block::BlockRngCore` is not implemented for `Hc128Core`
[INFO] [stdout]    | 
[INFO] [stdout]   ::: /opt/rustwide/cargo-home/registry/src/github.com-1ecc6299db9ec823/rand-0.6.5/src/rngs/adapter/reseeding.rs:88:12
[INFO] [stdout]    |
[INFO] [stdout] 88 |   pub struct ReseedingRng<R, Rsdr>(BlockRng<ReseedingCore<R, Rsdr>>)
[INFO] [stdout]    |              ------------ required by a bound in this
[INFO] [stdout] 89 |   where R: BlockRngCore + SeedableRng,
[INFO] [stdout]    |            ------------ required by this bound in `reseeding::ReseedingRng`
[INFO] [stdout]    |
[INFO] [stdout]    = note: this error originates in a macro (in Nightly builds, run with -Z macro-backtrace for more info)
[INFO] [stdout] 
[INFO] [stdout] 
[INFO] [stderr]     Checking minimp3 v0.3.3
[INFO] [stdout] error[E0277]: the trait bound `Hc128Core: rand_core::SeedableRng` is not satisfied
[INFO] [stdout]   --> /opt/rustwide/cargo-home/registry/src/github.com-1ecc6299db9ec823/rand-0.6.5/src/rngs/thread.rs:76:1
[INFO] [stdout]    |
[INFO] [stdout] 76 | / thread_local!(
[INFO] [stdout] 77 | |     static THREAD_RNG_KEY: UnsafeCell<ReseedingRng<Hc128Core, EntropyRng>> = {
[INFO] [stdout] 78 | |         let mut entropy_source = EntropyRng::new();
[INFO] [stdout] 79 | |         let r = Hc128Core::from_rng(&mut entropy_source).unwrap_or_else(|err|
[INFO] [stdout] ...  |
[INFO] [stdout] 85 | |     }
[INFO] [stdout] 86 | | );
[INFO] [stdout]    | |__^ the trait `rand_core::SeedableRng` is not implemented for `Hc128Core`
[INFO] [stdout]    | 
[INFO] [stdout]   ::: /opt/rustwide/cargo-home/registry/src/github.com-1ecc6299db9ec823/rand-0.6.5/src/rngs/adapter/reseeding.rs:88:12
[INFO] [stdout]    |
[INFO] [stdout] 88 |   pub struct ReseedingRng<R, Rsdr>(BlockRng<ReseedingCore<R, Rsdr>>)
[INFO] [stdout]    |              ------------ required by a bound in this
[INFO] [stdout] 89 |   where R: BlockRngCore + SeedableRng,
[INFO] [stdout]    |                           ----------- required by this bound in `reseeding::ReseedingRng`
[INFO] [stdout]    |
[INFO] [stdout]    = note: this error originates in a macro (in Nightly builds, run with -Z macro-backtrace for more info)
[INFO] [stdout] 
[INFO] [stdout] 
[INFO] [stdout] error[E0277]: the trait bound `Hc128Core: rand_core::block::BlockRngCore` is not satisfied
[INFO] [stdout]   --> /opt/rustwide/cargo-home/registry/src/github.com-1ecc6299db9ec823/rand-0.6.5/src/rngs/thread.rs:76:1
[INFO] [stdout]    |
[INFO] [stdout] 76 | / thread_local!(
[INFO] [stdout] 77 | |     static THREAD_RNG_KEY: UnsafeCell<ReseedingRng<Hc128Core, EntropyRng>> = {
[INFO] [stdout] 78 | |         let mut entropy_source = EntropyRng::new();
[INFO] [stdout] 79 | |         let r = Hc128Core::from_rng(&mut entropy_source).unwrap_or_else(|err|
[INFO] [stdout] ...  |
[INFO] [stdout] 85 | |     }
[INFO] [stdout] 86 | | );
[INFO] [stdout]    | |__^ the trait `rand_core::block::BlockRngCore` is not implemented for `Hc128Core`
[INFO] [stdout]    | 
[INFO] [stdout]   ::: /opt/rustwide/cargo-home/registry/src/github.com-1ecc6299db9ec823/rand-0.6.5/src/rngs/adapter/reseeding.rs:88:12
[INFO] [stdout]    |
[INFO] [stdout] 88 |   pub struct ReseedingRng<R, Rsdr>(BlockRng<ReseedingCore<R, Rsdr>>)
[INFO] [stdout]    |              ------------ required by a bound in this
[INFO] [stdout] 89 |   where R: BlockRngCore + SeedableRng,
[INFO] [stdout]    |            ------------ required by this bound in `reseeding::ReseedingRng`
[INFO] [stdout]    |
[INFO] [stdout]    = note: this error originates in a macro (in Nightly builds, run with -Z macro-backtrace for more info)
[INFO] [stdout] 
[INFO] [stdout] 
[INFO] [stdout] error[E0277]: the trait bound `Hc128Core: rand_core::SeedableRng` is not satisfied
[INFO] [stdout]   --> /opt/rustwide/cargo-home/registry/src/github.com-1ecc6299db9ec823/rand-0.6.5/src/rngs/thread.rs:76:1
[INFO] [stdout]    |
[INFO] [stdout] 76 | / thread_local!(
[INFO] [stdout] 77 | |     static THREAD_RNG_KEY: UnsafeCell<ReseedingRng<Hc128Core, EntropyRng>> = {
[INFO] [stdout] 78 | |         let mut entropy_source = EntropyRng::new();
[INFO] [stdout] 79 | |         let r = Hc128Core::from_rng(&mut entropy_source).unwrap_or_else(|err|
[INFO] [stdout] ...  |
[INFO] [stdout] 85 | |     }
[INFO] [stdout] 86 | | );
[INFO] [stdout]    | |__^ the trait `rand_core::SeedableRng` is not implemented for `Hc128Core`
[INFO] [stdout]    | 
[INFO] [stdout]   ::: /opt/rustwide/cargo-home/registry/src/github.com-1ecc6299db9ec823/rand-0.6.5/src/rngs/adapter/reseeding.rs:88:12
[INFO] [stdout]    |
[INFO] [stdout] 88 |   pub struct ReseedingRng<R, Rsdr>(BlockRng<ReseedingCore<R, Rsdr>>)
[INFO] [stdout]    |              ------------ required by a bound in this
[INFO] [stdout] 89 |   where R: BlockRngCore + SeedableRng,
[INFO] [stdout]    |                           ----------- required by this bound in `reseeding::ReseedingRng`
[INFO] [stdout]    |
[INFO] [stdout]    = note: this error originates in a macro (in Nightly builds, run with -Z macro-backtrace for more info)
[INFO] [stdout] 
[INFO] [stdout] 
[INFO] [stdout] error[E0277]: the trait bound `rand_hc::Hc128Rng: rand_core::SeedableRng` is not satisfied
[INFO] [stdout]   --> /opt/rustwide/cargo-home/registry/src/github.com-1ecc6299db9ec823/rand-0.6.5/src/rngs/std.rs:56:5
[INFO] [stdout]    |
[INFO] [stdout] 56 |     type Seed = <Hc128Rng as SeedableRng>::Seed;
[INFO] [stdout]    |     ^^^^^^^^^^^^^^^^^^^^^^^^^^^^^^^^^^^^^^^^^^^^ the trait `rand_core::SeedableRng` is not implemented for `rand_hc::Hc128Rng`
[INFO] [stdout] 
[INFO] [stdout] 
[INFO] [stdout] error[E0277]: the trait bound `rand_hc::Hc128Rng: rand_core::SeedableRng` is not satisfied
[INFO] [stdout]   --> /opt/rustwide/cargo-home/registry/src/github.com-1ecc6299db9ec823/rand-0.6.5/src/rngs/std.rs:58:5
[INFO] [stdout]    |
[INFO] [stdout] 58 | /     fn from_seed(seed: Self::Seed) -> Self {
[INFO] [stdout] 59 | |         StdRng(Hc128Rng::from_seed(seed))
[INFO] [stdout] 60 | |     }
[INFO] [stdout]    | |_____^ the trait `rand_core::SeedableRng` is not implemented for `rand_hc::Hc128Rng`
[INFO] [stdout] 
[INFO] [stdout] 
[INFO] [stdout] error[E0277]: the trait bound `rand_isaac::IsaacRng: rand_core::SeedableRng` is not satisfied
[INFO] [stdout]   --> /opt/rustwide/cargo-home/registry/src/github.com-1ecc6299db9ec823/rand-0.6.5/src/deprecated.rs:51:5
[INFO] [stdout]    |
[INFO] [stdout] 51 |     type Seed = <rand_isaac::IsaacRng as SeedableRng>::Seed;
[INFO] [stdout]    |     ^^^^^^^^^^^^^^^^^^^^^^^^^^^^^^^^^^^^^^^^^^^^^^^^^^^^^^^^ the trait `rand_core::SeedableRng` is not implemented for `rand_isaac::IsaacRng`
[INFO] [stdout] 
[INFO] [stdout] 
[INFO] [stdout] error[E0277]: the trait bound `rand_isaac::IsaacRng: rand_core::SeedableRng` is not satisfied
[INFO] [stdout]   --> /opt/rustwide/cargo-home/registry/src/github.com-1ecc6299db9ec823/rand-0.6.5/src/deprecated.rs:53:5
[INFO] [stdout]    |
[INFO] [stdout] 53 | /     fn from_seed(seed: Self::Seed) -> Self {
[INFO] [stdout] 54 | |         IsaacRng(rand_isaac::IsaacRng::from_seed(seed))
[INFO] [stdout] 55 | |     }
[INFO] [stdout]    | |_____^ the trait `rand_core::SeedableRng` is not implemented for `rand_isaac::IsaacRng`
[INFO] [stdout] 
[INFO] [stdout] 
[INFO] [stdout] error[E0277]: the trait bound `rand_isaac::Isaac64Rng: rand_core::SeedableRng` is not satisfied
[INFO] [stdout]   --> /opt/rustwide/cargo-home/registry/src/github.com-1ecc6299db9ec823/rand-0.6.5/src/deprecated.rs:97:5
[INFO] [stdout]    |
[INFO] [stdout] 97 |     type Seed = <rand_isaac::Isaac64Rng as SeedableRng>::Seed;
[INFO] [stdout]    |     ^^^^^^^^^^^^^^^^^^^^^^^^^^^^^^^^^^^^^^^^^^^^^^^^^^^^^^^^^^ the trait `rand_core::SeedableRng` is not implemented for `rand_isaac::Isaac64Rng`
[INFO] [stdout] 
[INFO] [stdout] 
[INFO] [stdout] error[E0277]: the trait bound `rand_isaac::Isaac64Rng: rand_core::SeedableRng` is not satisfied
[INFO] [stdout]    --> /opt/rustwide/cargo-home/registry/src/github.com-1ecc6299db9ec823/rand-0.6.5/src/deprecated.rs:99:5
[INFO] [stdout]     |
[INFO] [stdout] 99  | /     fn from_seed(seed: Self::Seed) -> Self {
[INFO] [stdout] 100 | |         Isaac64Rng(rand_isaac::Isaac64Rng::from_seed(seed))
[INFO] [stdout] 101 | |     }
[INFO] [stdout]     | |_____^ the trait `rand_core::SeedableRng` is not implemented for `rand_isaac::Isaac64Rng`
[INFO] [stdout] 
[INFO] [stdout] 
[INFO] [stdout] error[E0277]: the trait bound `rand_hc::Hc128Rng: rand_core::SeedableRng` is not satisfied
[INFO] [stdout]    --> /opt/rustwide/cargo-home/registry/src/github.com-1ecc6299db9ec823/rand-0.6.5/src/deprecated.rs:199:5
[INFO] [stdout]     |
[INFO] [stdout] 199 |     type Seed = <rand_hc::Hc128Rng as SeedableRng>::Seed;
[INFO] [stdout]     |     ^^^^^^^^^^^^^^^^^^^^^^^^^^^^^^^^^^^^^^^^^^^^^^^^^^^^^ the trait `rand_core::SeedableRng` is not implemented for `rand_hc::Hc128Rng`
[INFO] [stdout] 
[INFO] [stdout] 
[INFO] [stdout] error[E0277]: the trait bound `rand_hc::Hc128Rng: rand_core::SeedableRng` is not satisfied
[INFO] [stdout]    --> /opt/rustwide/cargo-home/registry/src/github.com-1ecc6299db9ec823/rand-0.6.5/src/deprecated.rs:201:5
[INFO] [stdout]     |
[INFO] [stdout] 201 | /     fn from_seed(seed: Self::Seed) -> Self {
[INFO] [stdout] 202 | |         Hc128Rng(rand_hc::Hc128Rng::from_seed(seed))
[INFO] [stdout] 203 | |     }
[INFO] [stdout]     | |_____^ the trait `rand_core::SeedableRng` is not implemented for `rand_hc::Hc128Rng`
[INFO] [stdout] 
[INFO] [stdout] 
[INFO] [stdout] error[E0277]: the trait bound `rand_xorshift::XorShiftRng: rand_core::SeedableRng` is not satisfied
[INFO] [stdout]    --> /opt/rustwide/cargo-home/registry/src/github.com-1ecc6299db9ec823/rand-0.6.5/src/deprecated.rs:240:5
[INFO] [stdout]     |
[INFO] [stdout] 240 |     type Seed = <::rand_xorshift::XorShiftRng as SeedableRng>::Seed;
[INFO] [stdout]     |     ^^^^^^^^^^^^^^^^^^^^^^^^^^^^^^^^^^^^^^^^^^^^^^^^^^^^^^^^^^^^^^^^ the trait `rand_core::SeedableRng` is not implemented for `rand_xorshift::XorShiftRng`
[INFO] [stdout] 
[INFO] [stdout] 
[INFO] [stdout] error[E0277]: the trait bound `rand_xorshift::XorShiftRng: rand_core::SeedableRng` is not satisfied
[INFO] [stdout]    --> /opt/rustwide/cargo-home/registry/src/github.com-1ecc6299db9ec823/rand-0.6.5/src/deprecated.rs:242:5
[INFO] [stdout]     |
[INFO] [stdout] 242 | /     fn from_seed(seed: Self::Seed) -> Self {
[INFO] [stdout] 243 | |         XorShiftRng(::rand_xorshift::XorShiftRng::from_seed(seed))
[INFO] [stdout] 244 | |     }
[INFO] [stdout]     | |_____^ the trait `rand_core::SeedableRng` is not implemented for `rand_xorshift::XorShiftRng`
[INFO] [stdout] 
[INFO] [stdout] 
[INFO] [stdout] error[E0277]: the trait bound `rand_hc::Hc128Rng: rand_core::SeedableRng` is not satisfied
[INFO] [stdout]    --> /opt/rustwide/cargo-home/registry/src/github.com-1ecc6299db9ec823/rand-0.6.5/src/deprecated.rs:280:5
[INFO] [stdout]     |
[INFO] [stdout] 280 |     type Seed = <rngs::StdRng as SeedableRng>::Seed;
[INFO] [stdout]     |     ^^^^^^^^^^^^^^^^^^^^^^^^^^^^^^^^^^^^^^^^^^^^^^^^ the trait `rand_core::SeedableRng` is not implemented for `rand_hc::Hc128Rng`
[INFO] [stdout] 
[INFO] [stdout] 
[INFO] [stdout] error[E0277]: the trait bound `rand_hc::Hc128Rng: rand_core::SeedableRng` is not satisfied
[INFO] [stdout]    --> /opt/rustwide/cargo-home/registry/src/github.com-1ecc6299db9ec823/rand-0.6.5/src/deprecated.rs:282:5
[INFO] [stdout]     |
[INFO] [stdout] 282 | /     fn from_seed(seed: Self::Seed) -> Self {
[INFO] [stdout] 283 | |         StdRng(rngs::StdRng::from_seed(seed))
[INFO] [stdout] 284 | |     }
[INFO] [stdout]     | |_____^ the trait `rand_core::SeedableRng` is not implemented for `rand_hc::Hc128Rng`
[INFO] [stdout] 
[INFO] [stdout] 
[INFO] [stdout] error: aborting due to 28 previous errors
[INFO] [stdout] 
[INFO] [stdout] 
[INFO] [stdout] For more information about this error, try `rustc --explain E0277`.
[INFO] [stdout] 
[INFO] [stderr]     Checking rand v0.3.23
[INFO] [stderr] error: could not compile `rand`.
[INFO] [stderr] 
[INFO] [stderr] To learn more, run the command again with --verbose.
[INFO] [stderr] warning: build failed, waiting for other jobs to finish...
[INFO] [stderr] error: build failed
[INFO] running `Command { std: "docker" "inspect" "07b9f69d3494d55b83e8263fa734d85e5583c4d65bf8d1a430cc2a1364146e5f", kill_on_drop: false }`
[INFO] running `Command { std: "docker" "rm" "-f" "07b9f69d3494d55b83e8263fa734d85e5583c4d65bf8d1a430cc2a1364146e5f", kill_on_drop: false }`
[INFO] [stdout] 07b9f69d3494d55b83e8263fa734d85e5583c4d65bf8d1a430cc2a1364146e5f
